. Let u be g(3). Let o be (-2)/(u - 482/(-162)). Calculate the greatest common factor of n and o.
9
Suppose -49 = -5*v + 51. Suppose -123 = -3*u - 21. Let g = u - v. What is the highest common factor of g and 21?
7
Let u(j) = -3*j**3 - 7*j**2 - 5*j. Let n be u(-4). Let a be -2 + -14*(0 + -3). What is the highest common factor of n and a?
20
Let v = 4 + 0. Let r be -1 + 2 - 14/(-2). Calculate the highest common factor of r and v.
4
Let u(p) = 2*p. Let k be u(1). What is the greatest common divisor of 3 and k?
1
Let h = 22 + 33. Calculate the highest common divisor of 5 and h.
5
Let m = 22 + -40. Let x be (m/15)/(4/(-30)). Calculate the greatest common factor of x and 27.
9
Suppose -i - 650 = -5*v, -i = 4*v - 232 - 288. Let j be (-3 + 2)*v/(-1). Let f = 21 - 8. What is the greatest common factor of f and j?
13
Let d = -5 - -6. Suppose -4 = -5*h + d. Let p(y) = 5*y**3 - 2*y**2 + 1. Let r be p(h). What is the greatest common factor of 28 and r?
4
Let c(b) = -b**3 - 11*b**2 - 10*b + 6. Let o be c(-10). Calculate the greatest common divisor of 42 and o.
6
Let d be (-3)/((-9)/(-2))*-3. Let m(a) = -a**3 - 7*a**2 - 3*a - 3. Suppose -5*u = 27 + 8. Let y be m(u). What is the greatest common divisor of d and y?
2
Let g = -3 - -12. Let j(b) = b**2 - 7*b + 6. Let r be j(-6). Let w = 120 - r. What is the highest common factor of g and w?
9
Suppose -7*r + 4*c = -4*r - 256, 0 = r + 3*c - 94. Let g(p) = -p**3 - 4*p**2 + 4*p + 6. Let z be g(-5). Calculate the highest common factor of z and r.
11
Let k be 16/3 - (-8)/12. Suppose y = 4*y - k. What is the greatest common factor of 18 and y?
2
Let k = 35 - 10. What is the highest common factor of 10 and k?
5
Let a = 1 + 3. Suppose 5*v - 5*f = 125, -34 - 42 = -a*v - 2*f. Let m(q) = -q - 1. Let y be m(-4). Calculate the highest common divisor of y and v.
3
Let u be 207/12 + 3/4. What is the highest common divisor of u and 6?
6
Suppose 4*q - 4*n + 1 = -15, 3*q + 3*n = 0. Let z(j) = -11*j + 2. Let f be z(q). Calculate the greatest common factor of f and 16.
8
Suppose 3*n - 5*n + 12 = 0. Suppose -4*m - 16 = -3*s + 24, 0 = 3*s + 5*m - 31. What is the greatest common divisor of n and s?
6
Suppose 2*n - 9 - 1 = 0. Calculate the highest common divisor of 2 and n.
1
Let l = 21 + 11. Suppose -2*k + 0 = -l. Calculate the highest common divisor of k and 40.
8
Suppose 3*t + 39 = -2*c, 2*t + 30 = -4*c + 4. Let j = -5 - t. What is the greatest common divisor of 32 and j?
8
Let v be -1 + 3/(-3) + 29 + 4. What is the greatest common divisor of 155 and v?
31
Let s(g) = -g**2 - 6*g - 5. Let i be s(-4). Calculate the highest common divisor of i and 24.
3
Let y be 40/(-5)*17/(-4). What is the greatest common divisor of y and 34?
34
Suppose -17 - 1 = -2*j. Let l = -37 - -46. Calculate the highest common factor of l and j.
9
Let u(i) = -68*i**3 - i - 1. Let q be u(-1). Let n = q - 24. Calculate the greatest common factor of n and 4.
4
Let j be 4 - ((-3)/1 - -2). Let w = j - 0. Suppose 3*c - 4*u - 13 = 0, 8 + 3 = 3*c - w*u. Calculate the highest common factor of c and 77.
7
Let s(o) = o**3 - 10*o**2 - 6*o + 5. Let y be s(8). Let l = y - -306. Let k be (20/12)/((-1)/(-9)). Calculate the greatest common divisor of k and l.
15
Let d(k) = -k**2 - 16*k + 11. Let w be d(-16). Suppose -65 = -w*m + 6*m. What is the highest common divisor of 91 and m?
13
Let z be (2 + -4)/((-1)/5). Let v be 2/(-10) + 102/10. What is the greatest common factor of z and v?
10
Let f = 18 + -26. Let c = f + 41. Calculate the highest common factor of 3 and c.
3
Suppose 0 = 4*v + 3*t - 42, -2*v + 5*t + 14 = 3*t. Calculate the highest common divisor of 36 and v.
9
Let d(s) be the third derivative of s**5/15 + s**4/6 + s**3/2 + 2*s**2. Let m be d(-2). What is the highest common factor of 121 and m?
11
Let o(f) = f - 9. Let k be o(0). Let i be (-6)/k*3 + 31. Let c = i - 23. Calculate the highest common factor of 40 and c.
10
Let y = 19 - 14. What is the highest common divisor of 10 and y?
5
Let l(a) = -43*a - 16. Let d be l(5). Let u be d/(-14)*(-20)/(-6). Calculate the highest common divisor of u and 11.
11
Let q = 29 + -20. Calculate the highest common factor of q and 1.
1
Suppose -5 = -2*q + 5. Suppose 13 + 11 = 4*f - 3*a, 2*a - 53 = -q*f. Calculate the greatest common divisor of 18 and f.
9
Let r(p) = -p**2 - 7*p - 7. Let m be r(-5). Let n be (-1)/(m/(-6)) + 3. Let w be (-69)/(-5) - (-1)/n. Calculate the highest common divisor of w and 14.
14
Suppose 4 = 4*l, 2*m + 0*l - 165 = 3*l. Suppose 4*k - m = 3*k. Calculate the highest common divisor of k and 12.
12
Suppose -3*x + 0*z - 4*z + 25 = 0, -3*z = -4*x. Suppose x*b = 12 - 0. Calculate the highest common divisor of b and 20.
4
Suppose 9*k + 276 = 13*k. Calculate the highest common factor of k and 46.
23
Suppose 0 = -6*s + 5*s + 3. Let v = 0 + s. What is the greatest common factor of v and 21?
3
Let w(r) = -2*r**2 - 6*r + 4. Let j be w(-3). What is the greatest common divisor of 4 and j?
4
Let z = -71 - -126. What is the highest common divisor of z and 22?
11
Suppose 5*s = 4*s + 26. Calculate the highest common factor of 26 and s.
26
Let m = 6 + -1. Let t(k) = -k**2 + 5*k + 5. Let j be t(m). Suppose 0 = -j*v + 207 + 143. What is the greatest common factor of v and 28?
14
Let t(o) = -o**3 - 14*o**2 - 13*o + 20. Let b be t(-13). Calculate the greatest common divisor of 5 and b.
5
Let r = -9 - -129. Suppose 0*d + 4*d = r. Suppose l = 3*l - d. What is the highest common divisor of 120 and l?
15
Let k = 579 + -273. Suppose m - 15 = 4*c - k, 0 = -4*c - 5*m + 273. Let h = -20 - -29. What is the highest common factor of h and c?
9
Suppose -5*a + 10 = -0, -66 = -4*p + 3*a. What is the greatest common divisor of 2 and p?
2
Let d(v) = -v**2 - 11*v - 7. Let f be d(-11). Let l(a) = a**3 + 7*a**2 - a + 5. Let h be l(f). Calculate the highest common factor of 36 and h.
12
Let r = -1 - -4. Suppose r*c + 10 = 40. Calculate the greatest common divisor of c and 50.
10
Suppose -4*x + 99 + 341 = 0. Calculate the highest common factor of x and 10.
10
Suppose 3*u - 56 = 4*w, 3*u - 2*w + 14 = 78. What is the greatest common factor of u and 48?
24
Let r(a) = a + 56. Let d be r(0). Let j be (294/63)/(1/3). What is the highest common divisor of d and j?
14
Let m(i) = 19*i - 8. Let h(n) = -57*n + 23. Let w(o) = 6*h(o) + 17*m(o). Let y be w(-2). What is the highest common divisor of 100 and y?
20
Suppose -4 = -3*c + 11. Let g be 73/c - (-4)/10. What is the highest common factor of 165 and g?
15
Let d(u) = -u**2 + 10*u - 6. Let g be d(6). Suppose -4*q - m = -99, 2*q - m - 26 = 25. Let r be 0 + 2 + 0 + q. What is the greatest common divisor of g and r?
9
Let c = 57 + 0. Calculate the greatest common factor of 38 and c.
19
Suppose 2*n - 86 = -4*o, 5*o = -3*n - n + 100. Let h = -61 + 85. Calculate the highest common divisor of h and o.
24
Let q = -17 - -31. Suppose 2*k + 3*i = q, -k = i - 3*i. Suppose 2*r + 4 = x - 9, k*r + 31 = 3*x. What is the greatest common divisor of x and 35?
5
Let p = -23 + 38. Suppose 4*s = d + 33, 0 = -2*s - 3*s - 4*d + p. Let b = s + 1. What is the highest common factor of 48 and b?
8
Suppose 3*u - 78 = 162. Suppose -p = 4*p - u. Suppose -5*t = -4 - 6. Calculate the highest common divisor of t and p.
2
Suppose 24 = 3*g + 9. Calculate the greatest common factor of 1 and g.
1
Let x(c) = -20*c**3 - c - 2. Let q be x(-2). Let l(d) = -d**2 + 10*d - 4. Let t be l(6). What is the highest common factor of q and t?
20
Let v(r) = -r**2 + 22*r - 13. Let o be v(14). What is the highest common divisor of 9 and o?
9
Suppose 0 = -4*l + 4*j + 1068, 0 = 2*l + 4*j - 586 + 82. Suppose 0 = 4*r + 218 + l. Let n = 285 + r. What is the highest common factor of 15 and n?
15
Let h(f) = f - 10. Let s be h(0). Let u be (s/3)/(6/(-18)). Calculate the highest common factor of u and 40.
10
Let p be ((-9)/6)/((-12)/112). Calculate the highest common divisor of 35 and p.
7
Suppose -3*b = 0, 4*m - 14 = 2*b + 10. Let i = m + -5. Let v = 14 + i. Calculate the highest common divisor of v and 15.
15
Suppose -2*s + 2*y = -30, 5*s = -0*s - 2*y + 82. Suppose k - h - 68 = 0, -k = -4*k + 2*h + 200. Calculate the highest common divisor of k and s.
16
Suppose 0*c - 3*c + 2*w = -85, -4*c - 3*w + 119 = 0. Let z = c + -16. Calculate the greatest common factor of 117 and